
-7
Let d = -296 + 298. Let p(y) be the third derivative of y**6/60 - y**5/20 + y**4/24 - y**3/3 - y**2. Calculate p(d).
4
Let n(k) = -6*k + 3*k + 4*k**2 - 3*k + 2 + k - k**3. Let w be n(3). Let o(c) = -c - 2. Calculate o(w).
2
Let d(j) = -j**2 + 10*j**3 - j - 3 + 4 + 0*j. Let b(l) = 11*l**2 - 6 + 1 - 5 - l**3 + l. Let t be b(11). Give d(t).
9
Let i(p) = -2*p**3 - 2*p**2 + 2*p + 2. Let n(f) = f**2 + 5*f - 8. Let g be n(-6). What is i(g)?
6
Let y(m) = -m + 2. Let s = 6 + 10. Let j = s - 22. Calculate y(j).
8
Let v(f) = f**3 + f + 5. Let y(t) = t**2 + 7*t. Suppose 2*l + 14 = -0. Let s be y(l). Calculate v(s).
5
Suppose 4*l - 4 = w, -2*l + 0*w = -w. Let u(j) = -2*j - 7 + 5*j**l + 0*j**2 + 2 - j**3. Give u(4).
3
Let z(l) = l**3 + l - 5*l**2 - 59 + 122 + 0*l**3 - 60. Calculate z(5).
8
Let b(d) = d**3 + 2*d**2 - 6*d - 1. Suppose 0 = -4*t - 100 - 20. Let m be (t/(-8))/(9/(-24)). Let f = 6 + m. What is b(f)?
-9
Let l = 7 - 5. Let v(q) = -q**3 - 6*q**2 + 0*q**l + 3*q**2. Suppose 0 = -5*u + 5*t - 10 - 20, 0 = -5*u + 4*t - 27. What is v(u)?
0
Let x(u) = 5*u - 14. Let i(l) = -4*l + 13. Let h(a) = 6*i(a) + 5*x(a). Let b be 2 - (4 + -2 - -6). Determine h(b).
2
Let v(l) = -l**3 - 3*l**2 + 5*l - 3. Let x(j) = -j**3 - 8*j**2 + 8*j - 6. Let d be x(-9). Suppose -d*a + 6*a - r + 10 = 0, 3*a + 6 = 3*r. Calculate v(a).
-7
Let b(c) = -c**2 - 8*c - 10. Let x be b(-4). Suppose 0 = x*v + 15 + 15. Let h(o) = -1 - 3 - 6*o - o**2 + 3. What is h(v)?
4
Suppose 4 - 13 = -9*x. Let u(w) = 10*w**2 + w. Determine u(x).
11
Let c = 212 - 218. Let r(j) be the second derivative of j**4/12 + 3*j**3/2 + 3*j**2 - j. Determine r(c).
-12
Let y = 15 + -12. Let v(r) = -3 + y - 2*r + 6 - 1. Calculate v(5).
-5
Let w(j) be the first derivative of j**4 - 1/2*j**2 + j - 1/3*j**3 - 2. Determine w(1).
3
Let m(k) = 4*k**2 - k. Suppose 0 = -g + 35 - 13. Let u = -21 + g. What is m(u)?
3
Let f(j) = -2*j**2 + 8*j. Let c(p) = p + 1. Let q(a) = 3*c(a) - f(a). Let m = 5 + -2. Give q(m).
6
Let c(p) = -2*p - 2. Suppose 4 + 6 = m. Let q = m + -14. Calculate c(q).
6
Let v(y) = -2*y**2 + 6*y**2 + 4*y - 4 - 5*y**2. Determine v(3).
-1
Let t(o) = -4*o**3 - o**2 - 3*o - 3. Let l be (1 - -2)*-1 - 2. Let k(i) = -7*i**3 - 2*i**2 - 5*i - 5. Let q(y) = l*t(y) + 3*k(y). Give q(2).
-12
Suppose 0 = -4*s - 16 + 4. Let t(i) = -i + 1. Let w(y) be the second derivative of -y**4/12 - y**3/6 + 5*y**2/2 + y. Let d(f) = s*t(f) + w(f). Calculate d(3).
-1
Let b(g) = g**3 - 3*g**2 + 3*g. Let i be b(2). Let h be 2*(3/(-2) - -3). Let t(v) = -h + 3 - v + 2*v. Calculate t(i).
2
Suppose 2*r = 15 - 7. Let d(q) = -q**3 + 5*q**2 - 2*q - 4. Determine d(r).
4
Suppose 0 = -3*u + d + 4, -2 = 5*d - 27. Suppose -3*m + 5*n + 11 = m, 0 = u*m - 4*n - 9. Let c be 2/m + 9 + -2. Let k(w) = w**2 - 2*w - 4. Calculate k(c).
11
Let k(l) = -14*l + 3*l + 10*l + 0*l. Calculate k(1).
-1
Let k(v) = -4*v**2 - v**3 - 1 - v**2 + 2*v**3. Suppose -2*o = 2*r - 12, 5*r = -5*o + 8*r + 14. Give k(o).
-17
Let w be 1 + 2/2 + -7. Let t(o) = -5*o + 7. Let m(y) = 3*y - 3. Let z(j) = -7*m(j) - 4*t(j). Give z(w).
-2
Let v(z) = -2*z**3 + 16*z**2 + z - 5. Let s be v(8). Let f(y) = y**2 + 5*y - 4. Calculate f(s).
20
Let b(o) = o**3 - 3*o**2 - 4*o - 3. Let u be (-2)/(-1 + 2 + 1). Let t = u - -6. Suppose -40 + 4 = -5*n + 4*d, t*n - d - 24 = 0. What is b(n)?
-3
Suppose -i = i. Let m(c) be the second derivative of c**4/12 + 9*c**2/2 + 16*c. Determine m(i).
9
Let b(v) = v + 6. Let j(r) = -1. Let s(c) = b(c) + 3*j(c). Let y be s(-9). Let w(i) = -i**3 - 6*i**2 - i - 5. Give w(y).
1
Let w = 8 - 5. Let x be (-18)/w + (-2)/(-1). Let c(z) = -z**2 - 5*z - 4. What is c(x)?
0
Suppose -g + 6*g = -2*i + 23, -3*g - i = -13. Let u(a) = -a + 4. Let v be u(g). Let m(c) = 16*c**3 - 8*c**3 - 5*c**3. Calculate m(v).
3
Let o(f) = f**3 + 6*f**2 - 3. Suppose 168 = -20*c + 48. Determine o(c).
-3
Let t(q) = -q**2 - q + 1. Let k(y) = 10*y**2 - 3*y + 2. Let h(f) = -k(f) + 3*t(f). Let n be (-1 - -1)/3 - 1. Give h(n).
-12
Suppose f - 7 = -3*z + 6*f, -2*z = -3*f - 5. Let d(r) = 3*r - 6. Give d(z).
6
Let o(m) be the second derivative of m**3/2 + 5*m**2/2 - 5*m. Let c be o(-2). Let i(n) = 6*n + 1. What is i(c)?
-5
Suppose 4*b - m = 12, 4*b + m - 2 = 10. Let z(j) = j**2 - 4*j - 1. What is z(b)?
-4
Let p(m) = m + 3. Let z be 1/(-1) + -5 + 2. Let l = 6 - 2. Let b be -5 + z/(2 - l). Calculate p(b).
0
Let m(p) be the first derivative of -p**2 + 4/3*p**3 + 1 + 1/4*p**4 - 4*p. Suppose v - 3 = 2*q, q - 8*v + 7*v - 1 = 0. Calculate m(q).
4
Let k(i) = i**3 + 3*i + 3. Let f(j) = -j**3 + j**2 - 3*j - 3. Let c(p) = -3*f(p) - 4*k(p). Suppose d + 4 - 1 = 0. What is c(d)?
6
Let i(t) = 3*t + 9 + 0*t - t + 0*t. Let f(c) = 2*c + 7. Let p be f(-7). Determine i(p).
-5
Let j(u) = -u**3 - 2*u**2 + 5*u + 4. Let l be ((-48)/80)/(2/10). What is j(l)?
-2
Suppose -5 = 14*h - 15*h. Let s(i) = -i**2 + 7*i - 7. Give s(h).
3
Let h(t) be the second derivative of -t**4 - 7*t. Determine h(1).
-12
Let x be ((-6)/6)/(1/(-7)). Suppose j + x = -3*z + 1, 0 = -5*j + 15. Let u(r) = -r**3 - 2*r**2 + 2*r. Give u(z).
3
Let d(s) = -s - 5. Let a be d(-6). Let l(b) = -30*b + 71*b - 40*b. What is l(a)?
1
Let a(b) = -b + 16. Let o be a(18). Let s be -1*(0 + -1)*o. Let l(k) = 0*k + k + 3 - 2. What is l(s)?
-1
Suppose 0 = -2*p + 7*p. Let w(l) = -l - 3. Let q be w(p). Let v(x) be the second derivative of x**4/6 + 2*x**3/3 + 2*x**2 + 3*x. Calculate v(q).
10
Suppose 0 = -4*s - 4*q - 20, 4*s - 3 - 12 = 3*q. Let c(t) = -t**2 - t + 7. Calculate c(s).
7
Let k(l) = 3*l - 1. Let x be 12/(-8) - (-25)/10. Calculate k(x).
2
Let k = -16 + 17. Let c(f) = -f**3 + 16*f**2 + 3*f - 12*f**2 + k + 2*f**3. Give c(-2).
3
Let f(l) = -l**3 + l**2 + l. Suppose -9 = -5*t - 4. Determine f(t).
1
Let w(t) = -6*t**3 + 2*t**2 - 1. Let x(y) be the first derivative of 3*y**2/2 - y + 2. Let f be x(1). Suppose -3 - f = 5*m. What is w(m)?
7
Let j(o) = 3*o**2 + 12*o + 12. Let q(p) = -p - p**2 - p - 4 - 2*p. Let h(k) = 2*j(k) + 7*q(k). Calculate h(-4).
-4
Let f be (-3 + 1)*(-4)/12. Let r(t) be the third derivative of -f*t**3 + 7/60*t**5 - 1/120*t**6 + 2*t**2 + 0*t - 5/24*t**4 + 0. What is r(6)?
2
Let t(c) = -c**2 + 3. Let u(j) = j**2 - 2. Suppose 0 = 3*n - 5*n - 12. Let z(y) = n*t(y) - 10*u(y). Determine z(2).
-14
Suppose -5*j = -2*m + 5, -2*m - 2*m + 17 = -3*j. Let z(h) = h**3 - 5*h**2 + 2*h - 4. Determine z(m).
6
Let m(w) = -w**2 + 3*w**2 - 4*w - 715 + 712. What is m(-2)?
13
Let j = 22 + -26. Let b(u) = u**2 + 3*u + 1. Give b(j).
5
Let v(c) = -2*c**2 - 2 - 316*c + c**2 + 318*c + 2*c**2. Suppose -3*d = -4*d - 3. Determine v(d).
1
Let j = -9 + 13. Suppose j*z - 5*f = 26, -3*z = -z + 4*f. Let y(k) = -4*k**2 + k - 19. Let b(g) = 3*g**2 - g + 13. Let d(p) = -7*b(p) - 5*y(p). Give d(z).
-4
Let r = 5 + 1. Let l(w) = 2 - w**2 + 3 - 3 - 5 - r*w. Let d(m) = -1. Let b(f) = 2*d(f) + l(f). Determine b(-5).
0
Let l(i) = -i**3 + 4*i**2 + 6*i - 3. Let f be -1*(-7 - (-1 - 1)). Calculate l(f).
2
Suppose -5*s - 27 = 4*q, 2*q = 4*s + 7 - 1. Let g be -2*3/6 + s. Let j(o) = -3 - 5*o**3 + 5*o + o**3 + 5*o**3 + 6*o**2. What is j(g)?
9
Let o = -2 - 1. Let t(h) be the first derivative of -h**4/4 - 2*h**3/3 + h**2/2 - h + 36. What is t(o)?
5
Let a(u) = 6*u**3 + 7 - 3*u**3 - 7*u**3 + 5*u**3 - 6*u + 6*u**2. Calculate a(-7).
0
Let n(b) be the second derivative of b**5/20 + 7*b**4/12 + b**3/2 - 7*b**2/2 - b. Calculate n(-6).
11
Suppose 2*m + 3*m - 30 = 0. Let w(q) = q**2 - 4*q - 8. What is w(m)?
4
Suppose -6*z + 5 = -z, 0 = -5*f + 5*z + 5. Let d(b) = 3*b + 1 + 0*b + b**f - 7*b. Calculate d(3).
-2
Let d(k) be the first derivative of k**3/3 + 2*k**2 + 4*k + 42. Give d(-4).
4
Let x(w) = 4*w**2 + 6*w - 5. Let u(h) = -h + 3*h**2 - 6 + 8*h + 0*h. Let j(p) = -5*u(p) + 6*x(p). Calculate j(1).
10
Let h(i) = -2*i + 4. Suppose -w + 19 = 12. What is h(w)?
-10
Let s = 2 + -2. Let n(j) = s - j + 3*j**2 + 0. Suppose 2*q + 10 = 0, -3*r + 5*q = 2*r - 20. Give n(r).
4
Let f(w) be the third derivative of w**5/60 + w**4/8 - 48*w**2. Determine f(-4).
4
Let j(b) = 17*b - 32. Let l be j(2). Let w(x) be the second derivative of -4*x - 1/6*x**3 + 0 - 2*x**l. Give w(-2).
-2
Let c(q) = -q**3 + 2*q**2 + 1. Suppose 5*m = 4*x - 29, -3*x - m - 7 = m. Let r = x + 2. Suppose 0 = -6*w + w - r*z + 30, -4*w + 5*z - 13 = 0. What is c(w)?
-8
Let j(o) = 2*o**2 + 